i + 4. What is the remainder when u(-3) is divided by (-401 - -31)*(-25)/250?
36
Suppose 5*o + 135 = 5*i, -2*i - o + 17 = -i. Suppose p - 6*p + 2*z - 4 = 0, -5*p - 5*z = 25. Calculate the remainder when i is divided by 10 + p*1/(-1).
10
Suppose -22*m + 18*m = -2*u + 96, 5*u - 254 = 3*m. What is the remainder when 388 is divided by u?
24
Let v(g) = -2 + 3*g - 6*g + 8. Suppose 75*x = 74*x + 89. What is the remainder when x is divided by v(-3)?
14
Suppose 247 + 353 = 20*v. Suppose -6*h + h + 25 = 0. Suppose h*o = 5*u - v, -4*u + 30 = -u + o. Calculate the remainder when 32 is divided by u.
5
Suppose -6*y = 664 + 98. Let d = y + 141. Calculate the remainder when 54 is divided by d.
12
Let b(q) = 6*q**2 - 4*q + 6. Calculate the remainder when b(5) is divided by -4 - -1*(-3 - -10)*6.
22
Suppose -4*p + 3*p - 2*d + 218 = 0, 3*p = 4*d + 644. Let a(b) = 2*b**2 - 7*b + 1. What is the remainder when p is divided by a(8)?
70
Suppose 10*h - 12*h + 18 = 0. Let w be 2/h + 6/(-27). Suppose w = 2*b - 6, b - 222 = -6*i + 3*i. Calculate the remainder when i is divided by 37.
36
Let x = 2925 - 635. What is the remainder when x is divided by 6?
4
Suppose 5*j - 2224 = 4*g, 3*j = 2*g + 1262 + 74. Let q = 156118 - 156068. Calculate the remainder when j is divided by q.
48
Let w(k) = -12*k + 25. Let r(g) = 34*g - 76. Let c(x) = -3*r(x) - 10*w(x). Suppose 3*a - 243 = -0*a. Calculate the remainder when a is divided by c(2).
11
What is the remainder when 966 is divided by (12/(-9))/(220/(-1485))?
3
Let a = 3742 + -3382. What is the remainder when 360 is divided by a?
0
Suppose 4*g - 12 = 0, g - 37 = -0*h - 2*h. Let k(p) = 47*p - 3 - 66*p - 28. Calculate the remainder when k(-3) is divided by h.
9
Let v = 157 + -95. Let b = 317 + -474. Let o = b + 190. What is the remainder when v is divided by o?
29
Suppose 4*n = -5*i + 1292, -64*i - 2*n - 1304 = -69*i. Calculate the remainder when 1286 is divided by i.
246
Let m(i) = 4*i + 57. Let r be m(-10). Suppose -r = 2*x + 13. Calculate the remainder when -12*x/20*1*3 is divided by 16.
11
Let z = -29 + 23. Let m be (-124)/z - 22/(-66). Suppose -m*s + 50 = -19*s. What is the remainder when 74 is divided by s?
24
Let p(b) = -3*b**3 + b**2. Let f be p(1). Let t = 1621 + -1606. Calculate the remainder when (-3740)/(-36) - f/18 is divided by t.
14
Suppose l = 5*a - 1493, 4*a - 1642 = 5*l - 435. Calculate the remainder when a is divided by 30.
28
Suppose 13*r = 8*r + 465. Calculate the remainder when r is divided by (101 + -1)*(-34)/(-68).
43
Suppose 10*t - 15*t - 94 = -2*l, 106 = 2*l - 2*t. Calculate the remainder when 113 is divided by l.
56
Let j(h) = 8*h**2 - 44*h - 78. What is the remainder when 319 is divided by j(-3)?
67
Suppose -73*j + 8550 = -12620. What is the remainder when 1440 is divided by j?
280
Let s(h) = 74*h**2 - 3*h - 1. Let j be s(-1). Suppose -2 = -6*k + j. What is the remainder when 37 is divided by k?
11
Let d(u) = u**3 + 2*u**2 - 5*u - 2. Let z be d(4). Suppose 0 = 29*i - 38*i + 423. Let k = z - i. What is the remainder when k is divided by 7?
6
Suppose -5*n - 5*p + 58 = -3*p, -5*n - p = -54. Suppose 12*o - 9*o = -24. What is the remainder when n is divided by 1 + -3 - (o - (-7 + 8))?
3
Let v(p) = -3*p**3 - 4*p**2 + p. Let d be v(-4). Suppose 119*y = d*y - 25. Suppose -4*g = -8*g + 16. Calculate the remainder when y is divided by g.
1
Suppose -30*y - 3*y - 70*y = -64890. Calculate the remainder when y is divided by 40.
30
Let w(d) = -d**3 + 6*d**2 + 14*d + 16. Let k be w(8). Suppose -6*z + 1615 - 349 = k. Calculate the remainder when z is divided by 43.
39
Let z be ((-11)/22)/((20/(-648))/5). Suppose 5*i + 5*q - 8*q = z, 2*i - 45 = -3*q. Suppose d - 5*d + 284 = 0. Calculate the remainder when d is divided by i.
17
Suppose -12049 - 35375 = -192*c. What is the remainder when c is divided by 41?
1
Suppose -53*q = -78*q + 800. Calculate the remainder when 412 is divided by q.
28
Suppose -3*v - 2*v + 65 = 0. Let i = 10893 + -10819. Calculate the remainder when i is divided by v.
9
Let g = -69 + 116. Suppose a - g = j, -3*j - 5*a + 193 = -7*j. Let y = j - -46. Calculate the remainder when 19 is divided by y.
3
Let y = 83 + -77. Suppose 28 = -2*x + y*x. Calculate the remainder when 47 is divided by x.
5
Calculate the remainder when 357 is divided by (-1)/(-3) - (-6 + (-1469)/39 + 2).
21
Let t(k) = -3*k - 19. Let d(c) = 2*c + 11. Let s(y) = 5*d(y) + 3*t(y). Calculate the remainder when 72 is divided by s(7).
2
Let r = -435 - -453. Suppose 5*p = 385 - 40. What is the remainder when p is divided by r?
15
Suppose z - 144 = -5*z. Suppose 195 = -19*q + z*q. Let o(h) = h**3 - 5*h**2 + 3*h - 6. Calculate the remainder when q is divided by o(5).
3
Suppose 51*h + 3150 = 60*h. What is the remainder when h is divided by 32?
30
Let c = -92 - -190. Let q(f) = f**2 - 8*f + 13. Let u be q(9). Suppose 98 = 5*n + w - u, -n + 50 = -5*w. What is the remainder when c is divided by n?
23
Suppose -5*b - 1110 = -5*s, -200*b + 198*b + 222 = s. Calculate the remainder when 2014 is divided by s.
16
Let m = -72954 - -73083. Suppose s - 4 = 4. Calculate the remainder when m is divided by s*(33/(-6))/(-1).
41
Calculate the remainder when (33/22 - 3/(-2))*(-233)/(-3) is divided by 1/(-4) + 210/8.
25
Let t(g) = -g**2 + 22*g - 54. Let x be t(3). Suppose 0 = x*r - c - 37, -3*r - 5 = -3*c - 50. What is the remainder when 2/2 + 126/2 is divided by r?
9
Suppose -z + u + 561 = 0, -4*u - 2800 = z - 6*z. Let k = z + -555. Let s(y) = -y**3 - 5*y**2 + 4*y - 7. What is the remainder when s(-6) is divided by k?
0
Let j(l) = -3*l**3 - 17*l**2 - 30*l - 79. What is the remainder when j(-10) is divided by 173?
137
Suppose -2*c + 47 + 65 = -54. Suppose 0*y + 87 = 3*y. Calculate the remainder when c is divided by y.
25
Let q(h) = -2*h + 1877. What is the remainder when q(53) is divided by 586?
13
Let n(a) = 300*a - 11107. Calculate the remainder when 1203 is divided by n(38).
31
Let a = 12 + -3. Let p = a - 2. Let d(s) = -14*s**2 + 87*s - 8. Calculate the remainder when d(6) is divided by p.
3
Let i be (1 - (-8)/(-12)) + 3565/15. Suppose -5*a = -k - 1080, -4*a + 3*k + i + 637 = 0. Calculate the remainder when a is divided by 24.
23
Let u(l) = 75*l - 439. Let n(k) = -9*k - 165. Let d be n(-19). Calculate the remainder when 1120 is divided by u(d).
9
Let w = 5084 + -5040. Calculate the remainder when w is divided by 10.
4
Let m = 9560 + -4199. Calculate the remainder when m is divided by 149.
146
Suppose 34 = 7*z - 56 - 64. Calculate the remainder when z is divided by 16.
6
Let c be 1*101/3*-3. Let m = -79 - c. What is the remainder when (-2710)/(-25) + (-18)/(-30) is divided by m?
21
Let w = -1119 - -1434. Calculate the remainder when w is divided by 42.
21
Let o(u) = -u**3 - 45*u**2 - 57*u - 96. Let p be o(-44). Suppose -5*q = -19*q + p. Calculate the remainder when q is divided by 12.
10
Let v(t) = -5*t + 47. Suppose -20*a + 49 = -13*a. Calculate the remainder when v(7) is divided by a.
5
Let m(l) = -150*l - 729. What is the remainder when 8147 is divided by m(-5)?
20
Let z be (24/9)/(12/18). Suppose 21*g - z = 17*g. What is the remainder when (-581)/(-4) + g/(-4) is divided by 49?
47
Let n(k) = 65*k - 754. Let a(b) be the second derivative of b**5/20 - 5*b**4/12 + b**2/2 - 6*b. What is the remainder when a(7) is divided by n(12)?
21
Let r(y) = -4*y - 22. Let z(l) = l**3 - 8*l**2 - 4*l + 10. Let q be z(8). Let o be r(q). Suppose -7*f + f = -o. What is the remainder when 18 is divided by f?
7
Let s = -4931 + 5067. Calculate the remainder when 944 is divided by s.
128
Suppose 2*a - 4*v + 6 = 60, 0 = 5*a - 3*v - 121. Calculate the remainder when a is divided by (26/4)/((-1)/(-2)).
10
Suppose 0 = 2*j - 4*u + 2, -4*j - 559 = -5*u - 561. What is the remainder when 504 is divided by j?
0
Suppose -54*a + 9 = 9. Let m(l) = l**2 - 7*l + 9. Let r be m(6). Suppose a = 8*v - r*v - 20. What is the remainder when 15 is divided by v?
3
Suppose 43 = 2*k - 3*z, -13*k + 105 = -7*k - z. Calculate the remainder when 165 is divided by k.
12
Suppose 0 = -5*x - 3*a + 60 + 53, 2*x + 2*a = 50. Calculate the remainder when 273 is divided by x.
7
Suppose 12*v = 21*v + 1611. Let a = v - -195. Calculate the remainder when 221 is divided by a.
13
What is the remainder when 12/(-144)*2*148*-30 i